{"id":244,"date":"2014-11-07T08:19:06","date_gmt":"2014-11-07T07:19:06","guid":{"rendered":"https:\/\/microsensor.hu\/?page_id=244"},"modified":"2022-05-30T14:14:36","modified_gmt":"2022-05-30T12:14:36","slug":"dhi-nyomaskontrollerek","status":"publish","type":"page","link":"https:\/\/microsensor.hu\/termekek\/fluke\/dhi-nyomaskontrollerek\/","title":{"rendered":"DHI nyom\u00e1skontrollerek"},"content":{"rendered":"<p style=\"text-align: justify;\">A DHI nyom\u00e1skontrollerek: <a href=\"https:\/\/us.flukecal.com\/products\/pressure-calibration\/automated-pressure-controller-calibrators\/pneumatic-pressure-control-2\">PPC4<\/a>, <a href=\"https:\/\/eu.flukecal.com\/products\/obsolete-products\/ppch-g-automated-gas-pressure-controller-calibrator?quicktabs_product_details=2\">PPCH-G<\/a>, <a href=\"http:\/\/us.flukecal.com\/products\/pressure-calibration\/pressure-controllercalibrators\/ppc-pressure-controllerscalibrators\/p-2\">PPCH<\/a>, <a href=\"http:\/\/us.flukecal.com\/products\/pressure-calibration\/manual-pressure-calibrators-and-monitors\/pressure-calibrators\/e-dwt-h-\">E-DWT<\/a>, <a href=\"http:\/\/us.flukecal.com\/products\/pressure-calibration\/manual-pressure-calibrators-and-monitors\/pressure-monitors\/rpm4-refere\">RPM4<\/a>. Pneumatikus vagy hidraulikus rendszerek, melyekkel a k\u00edv\u00e1nt nyom\u00e1s (nyom\u00e1ssorozatok) automatikusan \u00e1ll\u00edthat\u00f3k el\u0151. A pontoss\u00e1g el\u00e9rheti a 0,008% rdg \u00e9rt\u00e9ket, a m\u00e9r\u00e9shat\u00e1r 9-100%-a k\u00f6z\u00f6tt. A maxim\u00e1lis m\u00e9r\u00e9shat\u00e1r 140 bar.<\/p>\n","protected":false},"excerpt":{"rendered":"<p>A DHI nyom\u00e1skontrollerek: PPC4, PPCH-G, PPCH, E-DWT, RPM4. Pneumatikus vagy hidraulikus rendszerek, melyekkel a k\u00edv\u00e1nt nyom\u00e1s (nyom\u00e1ssorozatok) automatikusan \u00e1ll\u00edthat\u00f3k el\u0151. A pontoss\u00e1g el\u00e9rheti a 0,008% rdg \u00e9rt\u00e9ket, a m\u00e9r\u00e9shat\u00e1r 9-100%-a k\u00f6z\u00f6tt. A maxim\u00e1lis m\u00e9r\u00e9shat\u00e1r 140 bar.<\/p>\n","protected":false},"author":1,"featured_media":279,"parent":19,"menu_order":4,"comment_status":"closed","ping_status":"closed","template":"","meta":{"_et_pb_use_builder":"","_et_pb_old_content":"","_et_gb_content_width":"","footnotes":""},"class_list":["post-244","page","type-page","status-publish","has-post-thumbnail","hentry"],"yoast_head":"<!-- This site is optimized with the Yoast SEO plugin v26.8 - https:\/\/yoast.com\/product\/yoast-seo-wordpress\/ -->\n<title>DHI nyom\u00e1skontrollerek - Microsensor Kft.<\/title>\n<meta name=\"robots\" content=\"index, follow, max-snippet:-1, max-image-preview:large, max-video-preview:-1\" \/>\n<link rel=\"canonical\" href=\"https:\/\/microsensor.hu\/termekek\/fluke\/dhi-nyomaskontrollerek\/\" \/>\n<meta property=\"og:locale\" content=\"hu_HU\" \/>\n<meta property=\"og:type\" content=\"article\" \/>\n<meta property=\"og:title\" content=\"DHI nyom\u00e1skontrollerek - Microsensor Kft.\" \/>\n<meta property=\"og:description\" content=\"A DHI nyom\u00e1skontrollerek: PPC4, PPCH-G, PPCH, E-DWT, RPM4. Pneumatikus vagy hidraulikus rendszerek, melyekkel a k\u00edv\u00e1nt nyom\u00e1s (nyom\u00e1ssorozatok) automatikusan \u00e1ll\u00edthat\u00f3k el\u0151. A pontoss\u00e1g el\u00e9rheti a 0,008% rdg \u00e9rt\u00e9ket, a m\u00e9r\u00e9shat\u00e1r 9-100%-a k\u00f6z\u00f6tt. A maxim\u00e1lis m\u00e9r\u00e9shat\u00e1r 140 bar.\" \/>\n<meta property=\"og:url\" content=\"https:\/\/microsensor.hu\/termekek\/fluke\/dhi-nyomaskontrollerek\/\" \/>\n<meta property=\"og:site_name\" content=\"Microsensor Kft.\" \/>\n<meta property=\"article:modified_time\" content=\"2022-05-30T12:14:36+00:00\" \/>\n<meta property=\"og:image\" content=\"https:\/\/microsensor.hu\/wp-content\/uploads\/2014\/11\/DHI-nyom\u00e1skontroller1.png\" \/>\n\t<meta property=\"og:image:width\" content=\"416\" \/>\n\t<meta property=\"og:image:height\" content=\"137\" \/>\n\t<meta property=\"og:image:type\" content=\"image\/png\" \/>\n<meta name=\"twitter:card\" content=\"summary_large_image\" \/>\n<script type=\"application\/ld+json\" class=\"yoast-schema-graph\">{\"@context\":\"https:\/\/schema.org\",\"@graph\":[{\"@type\":\"WebPage\",\"@id\":\"https:\/\/microsensor.hu\/termekek\/fluke\/dhi-nyomaskontrollerek\/\",\"url\":\"https:\/\/microsensor.hu\/termekek\/fluke\/dhi-nyomaskontrollerek\/\",\"name\":\"DHI nyom\u00e1skontrollerek - Microsensor Kft.\",\"isPartOf\":{\"@id\":\"https:\/\/microsensor.hu\/#website\"},\"primaryImageOfPage\":{\"@id\":\"https:\/\/microsensor.hu\/termekek\/fluke\/dhi-nyomaskontrollerek\/#primaryimage\"},\"image\":{\"@id\":\"https:\/\/microsensor.hu\/termekek\/fluke\/dhi-nyomaskontrollerek\/#primaryimage\"},\"thumbnailUrl\":\"https:\/\/microsensor.hu\/wp-content\/uploads\/2014\/11\/DHI-nyom\u00e1skontroller1.png\",\"datePublished\":\"2014-11-07T07:19:06+00:00\",\"dateModified\":\"2022-05-30T12:14:36+00:00\",\"breadcrumb\":{\"@id\":\"https:\/\/microsensor.hu\/termekek\/fluke\/dhi-nyomaskontrollerek\/#breadcrumb\"},\"inLanguage\":\"hu\",\"potentialAction\":[{\"@type\":\"ReadAction\",\"target\":[\"https:\/\/microsensor.hu\/termekek\/fluke\/dhi-nyomaskontrollerek\/\"]}]},{\"@type\":\"ImageObject\",\"inLanguage\":\"hu\",\"@id\":\"https:\/\/microsensor.hu\/termekek\/fluke\/dhi-nyomaskontrollerek\/#primaryimage\",\"url\":\"https:\/\/microsensor.hu\/wp-content\/uploads\/2014\/11\/DHI-nyom\u00e1skontroller1.png\",\"contentUrl\":\"https:\/\/microsensor.hu\/wp-content\/uploads\/2014\/11\/DHI-nyom\u00e1skontroller1.png\",\"width\":416,\"height\":137},{\"@type\":\"BreadcrumbList\",\"@id\":\"https:\/\/microsensor.hu\/termekek\/fluke\/dhi-nyomaskontrollerek\/#breadcrumb\",\"itemListElement\":[{\"@type\":\"ListItem\",\"position\":1,\"name\":\"Kezd\u0151lap\",\"item\":\"https:\/\/microsensor.hu\/\"},{\"@type\":\"ListItem\",\"position\":2,\"name\":\"Term\u00e9kek\",\"item\":\"https:\/\/microsensor.hu\/termekek\/\"},{\"@type\":\"ListItem\",\"position\":3,\"name\":\"Fluke\",\"item\":\"https:\/\/microsensor.hu\/termekek\/fluke\/\"},{\"@type\":\"ListItem\",\"position\":4,\"name\":\"DHI nyom\u00e1skontrollerek\"}]},{\"@type\":\"WebSite\",\"@id\":\"https:\/\/microsensor.hu\/#website\",\"url\":\"https:\/\/microsensor.hu\/\",\"name\":\"Microsensor Kft.\",\"description\":\"\",\"publisher\":{\"@id\":\"https:\/\/microsensor.hu\/#organization\"},\"potentialAction\":[{\"@type\":\"SearchAction\",\"target\":{\"@type\":\"EntryPoint\",\"urlTemplate\":\"https:\/\/microsensor.hu\/?s={search_term_string}\"},\"query-input\":{\"@type\":\"PropertyValueSpecification\",\"valueRequired\":true,\"valueName\":\"search_term_string\"}}],\"inLanguage\":\"hu\"},{\"@type\":\"Organization\",\"@id\":\"https:\/\/microsensor.hu\/#organization\",\"name\":\"Microsensor Kft.\",\"url\":\"https:\/\/microsensor.hu\/\",\"logo\":{\"@type\":\"ImageObject\",\"inLanguage\":\"hu\",\"@id\":\"https:\/\/microsensor.hu\/#\/schema\/logo\/image\/\",\"url\":\"https:\/\/microsensor.hu\/wp-content\/uploads\/2022\/11\/logo1.png\",\"contentUrl\":\"https:\/\/microsensor.hu\/wp-content\/uploads\/2022\/11\/logo1.png\",\"width\":454,\"height\":454,\"caption\":\"Microsensor Kft.\"},\"image\":{\"@id\":\"https:\/\/microsensor.hu\/#\/schema\/logo\/image\/\"}}]}<\/script>\n<!-- \/ Yoast SEO plugin. -->","yoast_head_json":{"title":"DHI nyom\u00e1skontrollerek - Microsensor Kft.","robots":{"index":"index","follow":"follow","max-snippet":"max-snippet:-1","max-image-preview":"max-image-preview:large","max-video-preview":"max-video-preview:-1"},"canonical":"https:\/\/microsensor.hu\/termekek\/fluke\/dhi-nyomaskontrollerek\/","og_locale":"hu_HU","og_type":"article","og_title":"DHI nyom\u00e1skontrollerek - Microsensor Kft.","og_description":"A DHI nyom\u00e1skontrollerek: PPC4, PPCH-G, PPCH, E-DWT, RPM4. Pneumatikus vagy hidraulikus rendszerek, melyekkel a k\u00edv\u00e1nt nyom\u00e1s (nyom\u00e1ssorozatok) automatikusan \u00e1ll\u00edthat\u00f3k el\u0151. A pontoss\u00e1g el\u00e9rheti a 0,008% rdg \u00e9rt\u00e9ket, a m\u00e9r\u00e9shat\u00e1r 9-100%-a k\u00f6z\u00f6tt. A maxim\u00e1lis m\u00e9r\u00e9shat\u00e1r 140 bar.","og_url":"https:\/\/microsensor.hu\/termekek\/fluke\/dhi-nyomaskontrollerek\/","og_site_name":"Microsensor Kft.","article_modified_time":"2022-05-30T12:14:36+00:00","og_image":[{"width":416,"height":137,"url":"https:\/\/microsensor.hu\/wp-content\/uploads\/2014\/11\/DHI-nyom\u00e1skontroller1.png","type":"image\/png"}],"twitter_card":"summary_large_image","schema":{"@context":"https:\/\/schema.org","@graph":[{"@type":"WebPage","@id":"https:\/\/microsensor.hu\/termekek\/fluke\/dhi-nyomaskontrollerek\/","url":"https:\/\/microsensor.hu\/termekek\/fluke\/dhi-nyomaskontrollerek\/","name":"DHI nyom\u00e1skontrollerek - Microsensor Kft.","isPartOf":{"@id":"https:\/\/microsensor.hu\/#website"},"primaryImageOfPage":{"@id":"https:\/\/microsensor.hu\/termekek\/fluke\/dhi-nyomaskontrollerek\/#primaryimage"},"image":{"@id":"https:\/\/microsensor.hu\/termekek\/fluke\/dhi-nyomaskontrollerek\/#primaryimage"},"thumbnailUrl":"https:\/\/microsensor.hu\/wp-content\/uploads\/2014\/11\/DHI-nyom\u00e1skontroller1.png","datePublished":"2014-11-07T07:19:06+00:00","dateModified":"2022-05-30T12:14:36+00:00","breadcrumb":{"@id":"https:\/\/microsensor.hu\/termekek\/fluke\/dhi-nyomaskontrollerek\/#breadcrumb"},"inLanguage":"hu","potentialAction":[{"@type":"ReadAction","target":["https:\/\/microsensor.hu\/termekek\/fluke\/dhi-nyomaskontrollerek\/"]}]},{"@type":"ImageObject","inLanguage":"hu","@id":"https:\/\/microsensor.hu\/termekek\/fluke\/dhi-nyomaskontrollerek\/#primaryimage","url":"https:\/\/microsensor.hu\/wp-content\/uploads\/2014\/11\/DHI-nyom\u00e1skontroller1.png","contentUrl":"https:\/\/microsensor.hu\/wp-content\/uploads\/2014\/11\/DHI-nyom\u00e1skontroller1.png","width":416,"height":137},{"@type":"BreadcrumbList","@id":"https:\/\/microsensor.hu\/termekek\/fluke\/dhi-nyomaskontrollerek\/#breadcrumb","itemListElement":[{"@type":"ListItem","position":1,"name":"Kezd\u0151lap","item":"https:\/\/microsensor.hu\/"},{"@type":"ListItem","position":2,"name":"Term\u00e9kek","item":"https:\/\/microsensor.hu\/termekek\/"},{"@type":"ListItem","position":3,"name":"Fluke","item":"https:\/\/microsensor.hu\/termekek\/fluke\/"},{"@type":"ListItem","position":4,"name":"DHI nyom\u00e1skontrollerek"}]},{"@type":"WebSite","@id":"https:\/\/microsensor.hu\/#website","url":"https:\/\/microsensor.hu\/","name":"Microsensor Kft.","description":"","publisher":{"@id":"https:\/\/microsensor.hu\/#organization"},"potentialAction":[{"@type":"SearchAction","target":{"@type":"EntryPoint","urlTemplate":"https:\/\/microsensor.hu\/?s={search_term_string}"},"query-input":{"@type":"PropertyValueSpecification","valueRequired":true,"valueName":"search_term_string"}}],"inLanguage":"hu"},{"@type":"Organization","@id":"https:\/\/microsensor.hu\/#organization","name":"Microsensor Kft.","url":"https:\/\/microsensor.hu\/","logo":{"@type":"ImageObject","inLanguage":"hu","@id":"https:\/\/microsensor.hu\/#\/schema\/logo\/image\/","url":"https:\/\/microsensor.hu\/wp-content\/uploads\/2022\/11\/logo1.png","contentUrl":"https:\/\/microsensor.hu\/wp-content\/uploads\/2022\/11\/logo1.png","width":454,"height":454,"caption":"Microsensor Kft."},"image":{"@id":"https:\/\/microsensor.hu\/#\/schema\/logo\/image\/"}}]}},"_links":{"self":[{"href":"https:\/\/microsensor.hu\/wp-json\/wp\/v2\/pages\/244","targetHints":{"allow":["GET"]}}],"collection":[{"href":"https:\/\/microsensor.hu\/wp-json\/wp\/v2\/pages"}],"about":[{"href":"https:\/\/microsensor.hu\/wp-json\/wp\/v2\/types\/page"}],"author":[{"embeddable":true,"href":"https:\/\/microsensor.hu\/wp-json\/wp\/v2\/users\/1"}],"replies":[{"embeddable":true,"href":"https:\/\/microsensor.hu\/wp-json\/wp\/v2\/comments?post=244"}],"version-history":[{"count":7,"href":"https:\/\/microsensor.hu\/wp-json\/wp\/v2\/pages\/244\/revisions"}],"predecessor-version":[{"id":1204,"href":"https:\/\/microsensor.hu\/wp-json\/wp\/v2\/pages\/244\/revisions\/1204"}],"up":[{"embeddable":true,"href":"https:\/\/microsensor.hu\/wp-json\/wp\/v2\/pages\/19"}],"wp:featuredmedia":[{"embeddable":true,"href":"https:\/\/microsensor.hu\/wp-json\/wp\/v2\/media\/279"}],"wp:attachment":[{"href":"https:\/\/microsensor.hu\/wp-json\/wp\/v2\/media?parent=244"}],"curies":[{"name":"wp","href":"https:\/\/api.w.org\/{rel}","templated":true}]}}